+ r(i). Give n(3).
5
Let t(a) be the third derivative of a**4/12 - 5*a**3/6 - 2*a**2. Let w be (-6 + 24)/3 + -1. What is t(w)?
5
Let j(a) = -603*a**2 - 4*a + 1 + 305*a**2 - 11 + 299*a**2. Give j(0).
-10
Suppose 3*t + 12 + 12 = 0. Let c be 6/t*(-80)/30. Let m(n) = -n + 2 - 1 - c. Determine m(-1).
0
Let m(y) = -4*y**3 - 14*y + 6. Let g(t) = t**3 + 2*t - 2. Let d(i) = 5*g(i) + m(i). Give d(4).
44
Let b(u) = 2*u - 32. Let m(q) = q - 15. Let i(r) = 3*b(r) - 7*m(r). Determine i(8).
1
Let x(w) = -w**2 - 2*w + 2. Let n(i) = 5*i**2 + 7*i - 8. Let v(q) = -2*n(q) - 9*x(q). Suppose -d + 3 = -0*d. What is v(d)?
1
Let g = 7 - 7. Suppose g = m - 3*m + 5*q - 16, 0 = 2*m + 2*q - 12. Suppose 0*n = -n - m. Let a(v) = v**3 + 2*v**2 + 3*v. Determine a(n).
-6
Let f = 11 - -12. Let h = -20 + f. Let b(a) = 2 + 2*a**3 - a + 5*a**2 - 2*a - 3*a**3. What is b(h)?
11
Let h(z) = -z**3 + 19*z**2 - 35*z + 8. Let o(g) = 7*g**2 - 13*g + 3. Let a(t) = 3*h(t) - 8*o(t). Give a(1).
-3
Let d(b) = 3*b + 34. Let s be d(-13). Let r(w) = w**3 - 2*w**3 - 13*w + 12*w - 5*w**2. What is r(s)?
5
Let y be (8/5)/((-2)/(-10)). Let u(p) = -4*p**2 + 4*p**2 + 2*p**3 - y + 7. Suppose 0 = -3*m + 3, 0*c - 3*m - 2 = -5*c. Give u(c).
1
Let b = 6 + -3. Suppose 2 + b = t. Suppose -17 = -t*v - 2. Let m(f) = -f**3 + 3*f**2 + 3*f - 4. What is m(v)?
5
Let q(p) be the third derivative of -p**9/15120 + p**8/10080 - p**7/5040 - p**5/15 + 10*p**2. Let w(v) be the third derivative of q(v). Calculate w(1).
-3
Suppose -4*c - 4 = -6*c. Suppose -2*a + 0*g = g + 13, c*a - 4*g - 12 = 0. Let r be (-43)/(-9) - a/18. Let t(s) = 2*s - 4. What is t(r)?
6
Let a(x) be the first derivative of 10*x**3/3 - x + 133. Calculate a(1).
9
Suppose 4*p + p = 0. Suppose p = 2*o - 4 + 2. Let i(x) = 2*x - 2 + o - x**3 + 2*x - 2*x. Calculate i(1).
0
Suppose 44*m = -40*m - 924. Let z(q) = -q - 12. Calculate z(m).
-1
Let p(h) = -h**2 + 7*h + 9. Suppose -3*k + 10 = x, -2*x - 26*k + 17 = -23*k. Determine p(x).
9
Let d = -44 - -46. Suppose -3*k = -4*k - d. Let v(c) = -5*c - 2. Calculate v(k).
8
Let b(i) be the first derivative of -i**4/4 + 7*i**3/3 + i**2/2 - 9*i - 96. What is b(7)?
-2
Let o(l) be the second derivative of -l**4/12 - 3*l**3/2 + 22*l**2 - 33*l. Let s be o(-13). Let q(c) = -c - 1. What is q(s)?
7
Let d(s) be the second derivative of s**3/2 - 3*s**2/2 + 193*s - 1. Calculate d(3).
6
Let i(n) = -5*n + 9. Let c be i(11). Let q = c + 43. Let h(d) = -d**3 - 5*d**2 - d + 2. Determine h(q).
-13
Let l = -781 - -1142. Let w(f) = -364 - l + 729 + 2*f. Suppose h = 1, h + h = 2*c - 6. Give w(c).
12
Let v(i) = 1 + 0*i**2 - 2*i**2 + 75*i + i**2 - 144*i + 70*i. What is v(-6)?
-41
Let n(y) = -y**2 - y - 3. Let t(i) = -i**2 - 4. Let s(b) = -6*n(b) + 5*t(b). Let d be s(-7). Let c(p) = 4*p - 6*p - p - 2*p + p**2. Give c(d).
0
Let x = -35 + 47. Suppose -4*j - 32 = -x*j. Let h(y) = y**3 - 2*y**2 - 5*y + 3. Give h(j).
15
Let h(b) be the second derivative of b**3/6 + 6*b**2 - 14*b. Let n be 2*(10/4 - 3). Let a = n - -1. Give h(a).
12
Let y(c) = 4*c - 19. Let b(a) = -6*a + 28. Let g(h) = -5*b(h) - 8*y(h). Calculate g(8).
-4
Let q(m) = m**2 - 13*m - 5. Let z be -11 + (-11 - -13 - -16). Give q(z).
-47
Let t be -2 - (-3)/(3/4). Suppose -3*d = -t + 14. Let m(j) = -j**2 - 3*j - 208 - 2*j + 206. What is m(d)?
2
Let f(j) = -j**3 + 5*j**2 - 4*j - 3. Let q be (64/6 + -8)/(2/3). Suppose q*l - 15 = k, 5*l = -4*k - 9 + 33. Determine f(l).
-3
Let u(j) = 2*j + 7*j + 6*j - 13*j - 6. What is u(-9)?
-24
Let x(r) be the third derivative of r**4/6 + 8*r**3/3 + 18*r**2. Calculate x(-6).
-8
Let c(a) be the third derivative of a**4/12 + 17*a**3/6 + 233*a**2 + 2. Determine c(-10).
-3
Let f(j) = j**2 - 5*j + 1. Let w = -74 - -76. Suppose w*i - 9*i = -28. Calculate f(i).
-3
Let h(j) be the second derivative of j**4/2 + 89*j. Suppose -4 = 2*b - 2. What is h(b)?
6
Let k(j) = -j**2 - j. Let m(y) = y**3 + 6*y**2 - y - 2. Let v(x) = 2*k(x) + m(x). Suppose 0 = 137*n + 767 - 219. Determine v(n).
10
Let a(f) be the second derivative of f**3 + 5*f**2 + 7*f + 28. Give a(3).
28
Let u(j) = -4*j - 7. Let f(y) = -y**2 - 15*y - 20. Let l be f(-14). Let d(b) = -5*b - 8. Let r(q) = l*u(q) + 5*d(q). Calculate r(-3).
5
Let a = 7 + 7. Let o = a + -8. Let w(h) = h**3 - 6*h**2 + 2*h + 5. Calculate w(o).
17
Let j(p) = -492 + p + p**2 - 491 + 984. What is j(-6)?
31
Let w(q) be the third derivative of -q**5/60 - q**4/3 + q**3 + 4*q**2 + 4*q. Calculate w(-8).
6
Let b(p) = 3*p - 9. Let h be b(1). Let a(y) = 4*y + 31. Give a(h).
7
Let v(a) be the second derivative of a**5/20 - a**4/3 - a**3/3 - 186*a. Calculate v(5).
15
Let y = -7 + 9. Let u(o) be the first derivative of -1/2*o**2 + 0*o - 2. Calculate u(y).
-2
Let j(q) = -q**2 - 3*q + 2. Let m(w) = -w**3 + 14*w**2 - 26*w + 26. Let o be m(12). Calculate j(o).
-8
Let j(n) = -n**2 + 7*n. Let o be j(6). Let c = -1 + o. Let f(l) = -3*l**2 - 3*l**2 + 0*l**2 + 4*l + c*l**2. Determine f(4).
0
Let c(n) = -n**2 + 8*n + 11. Let w(o) = -o**3 + 3*o**2 + 6*o - 10. Let j be w(3). Suppose -j - 28 = -4*z. Give c(z).
2
Let d(c) be the second derivative of c**4/6 + 5*c**3/6 - 5*c**2/2 + 2*c - 22. Calculate d(2).
13
Let q(w) = 17*w + 0*w + 0*w - 2*w - 4 - 9*w + w**2. Calculate q(-6).
-4
Let b(k) be the second derivative of k**3/6 - 9*k**2/2 - k - 3. What is b(12)?
3
Let b = 2 + -2. Suppose -2*s + b = -10. Let o(z) be the third derivative of z**6/120 - 7*z**5/60 + 7*z**4/24 + z**3/3 - 36*z**2 + 3*z. Give o(s).
-13
Let q(r) be the first derivative of -r**5/20 - r**3/6 + 11*r**2/2 + 34*r + 3. Let t(g) be the first derivative of q(g). Give t(0).
11
Let v(r) = 2*r - 2. Let g = 2583 - 2590. Calculate v(g).
-16
Let d(b) be the second derivative of -b**4/12 - 17*b**3/6 - 3*b**2 - 180*b + 1. What is d(-14)?
36
Let g(a) = 11*a + 1. Let w = 144 - 141. Let n be 4/3 + (-1)/3. Suppose 5*m + 17 = w*v, 5*m - 2*v + 3*v + n = 0. Give g(m).
-10
Let r(x) be the third derivative of -5*x**4/12 - x**3/6 + 3394*x**2. Let q(n) = n**3 - n**2 - n + 1. Let j be q(0). Determine r(j).
-11
Let b(v) = 5*v**2 + v + 2. Let w(x) = -7*x**2 - 2*x - 4. Let r(f) = -5*b(f) - 3*w(f). Give r(-1).
-3
Let s be (-4)/2*(9 + -15). Let c = s + -6. Suppose -a - a = c. Let x(n) = n**3 + 5*n**2 + 4*n - 1. Determine x(a).
5
Suppose 2*k + 2 + 8 = 0. Let z(u) be the second derivative of -u**4/12 - 2*u**3/3 + 5*u**2/2 + 296*u. Calculate z(k).
0
Let w(p) = -4*p - 2. Let j be w(6). Let i = 28 + j. Let x(v) = 6*v - 4 - i - 5*v. Determine x(6).
0
Let f(t) = -t**2 - 8*t - 10. Let k = 361 + -367. Give f(k).
2
Let t = -10 + 13. Let m(x) = 3*x**2 + 0*x + x**2 - x**t - 4 + x - 3*x**2. Give m(0).
-4
Let x = -90 - -38. Let n = 58 + x. Let m(t) = -7*t**2 - 3*t**3 + 4*t**3 + 10*t - t - 8. Determine m(n).
10
Let m be 2*5/(-30) + (-4)/6. Let b(x) = -x**2 + 2*x + 3. Let j be b(m). Let o(y) be the first derivative of -y**3/3 + y**2/2 + y - 1. Calculate o(j).
1
Let o be 3 - (-2 - 3/(-3)). Suppose -3*s + 18 = -s + o*b, -2*s = -5*b + 9. Suppose 6*r = s*r - 9. Let h(m) = -3*m - 4. Calculate h(r).
5
Let r(h) be the third derivative of h**5/120 + 5*h**4/12 + h**3/6 - 12*h**2. Let t(k) be the first derivative of r(k). Calculate t(-5).
5
Let g(q) = -q + 3. Let f be g(-3). Suppose -4*n = 2*b - 2, 2*b + n - f = -n. Suppose 3*w = -3*j - 3, b*j + 15 = 3*w - 6. Let r(v) = -3*v + 3. Determine r(w).
-3
Let u = -864 - -869. Let q(a) = -8*a + 7*a**2 + 2*a - a**3 + 1 - 5. Calculate q(u).
16
Let d(y) be the first derivative of -y**4/4 + 5*y**3/3 + y**2/2 + 3*y - 50. Determine d(5).
8
Let t(s) = s + 3. Let w(y) = -2*y - 7. Let j(i) = 9*t(i) + 4*w(i). Let f be j(6). Let g(p) = p + 1. Give g(f).
6
Let r(o) = -o**2 + 2*o + 3. Let y(s) = s**2 - 2*s - 3. Let x(u) = 3*r(u) + 4*y(u). Let d = -8 - -11. Determine x(d).
0
Suppose -2*m - d = -5, -2*m - 5*d - 1 - 6 = 0. Let f(x) = x**3 - 4*x**2 - 6. Determine f(m).
-6
Let c(m) = 6*m + 108. Let q be c(-17). Let v(j) = j**2 - 3*j - 3. Give v(q).
15
Let g(i) = -5*i + 1. Let u(m) = -25*m + 4. Let j = 35 + -24. Let o(p) = j*g(p) - 2*u(p). Suppose -3*y + 10 = 2*y. Calculate o(y).
-7
Suppose 0 = 14*w - 23*w - 18. Let m(r) = -18*r - 1. Determine m(w).
35
Let l(m) = -7*m**3 + 19*m**2 - 17*m - 14. Let k = 2 + -5. Let d(r) = -4*r**3 + 10*r**2 - 9*r - 7. Let n(h) = k*l(h) + 5*d(h). Let o = -82 + 87. Determine n(o).
-13
Suppose 0*z - 2 